{"id":57,"date":"2017-05-09T18:28:58","date_gmt":"2017-05-09T16:28:58","guid":{"rendered":"http:\/\/tcreims.com\/?page_id=57"},"modified":"2017-09-13T23:21:50","modified_gmt":"2017-09-13T21:21:50","slug":"la-petite-histoire-du-tennis-club-de-reims","status":"publish","type":"page","link":"https:\/\/tcreims.com\/?page_id=57","title":{"rendered":"La petite histoire du Tennis-club de Reims"},"content":{"rendered":"<p>Dossier r\u00e9alis\u00e9 par Ism\u00e9rie BOISSEL pour le 90e anniversaire du Tennis-Club de Reims<\/p>\n<h2>1\u00b0 &#8211; Cr\u00e9ation et inauguration :<\/h2>\n<figure id=\"attachment_59\" aria-describedby=\"caption-attachment-59\" style=\"width: 436px\" class=\"wp-caption alignright\"><img loading=\"lazy\" decoding=\"async\" class=\"wp-image-59 size-full ml-lightbox-enabled\" src=\"https:\/\/tcreims.com\/wp-content\/uploads\/2017\/05\/50b13e_2b776307ba2a4bd7ac30f0e983e9b21a.png\" alt=\"\" width=\"436\" height=\"269\" \/><figcaption id=\"caption-attachment-59\" class=\"wp-caption-text\">Le Tennis-Club de Reims &gt; 1920-1922 (Archives du \u00abComit\u00e9 Am\u00e9ricain pour les R\u00e9gions D\u00e9vast\u00e9es CARD\u00bb, Mus\u00e9e Franco-Am\u00e9ricain du Ch\u00e2teau de Bl\u00e9rancourt.<\/figcaption><\/figure>\n<p>\u00ab\u00a0La fondation du Tennis Club de Reims est due \u00e0 l\u2019initiative du Marquis Melchior de Polignac. Il obtiendra le titre de \u00ab\u00a0Pr\u00e9sident d\u2019honneur\u00a0\u00bb pour cela. Son cousin, le Comte Maxence de Polignac en sera le premier pr\u00e9sident actif\u00a0\u00bb. Le 11 juin 1920, la sous pr\u00e9fecture de la Marne enregistre la constitution d\u2019une association loi de 1901, intitul\u00e9e \u00abTCR\u00bb, le Tennis-Club de Reims est n\u00e9.<br \/>\nDans les statuts du club, il est pr\u00e9cis\u00e9 que les couleurs du club sont le bleu et or. \u00c0 l\u2019\u00e9poque, pour \u00eatre \u00abmembre actif\u00bb, il fallait en faire la \u00abdemande au secr\u00e9tariat du club et \u00eatre pr\u00e9sent\u00e9 par deux membres majeurs, dont un fait obligatoirement partie du Comit\u00e9\u00bb.<\/p>\n<figure id=\"attachment_60\" aria-describedby=\"caption-attachment-60\" style=\"width: 436px\" class=\"wp-caption alignleft\"><img loading=\"lazy\" decoding=\"async\" class=\"wp-image-60 size-full ml-lightbox-enabled\" src=\"https:\/\/tcreims.com\/wp-content\/uploads\/2017\/05\/50b13e_c347cfe1a4744ea596428e09ed8ffda5.png\" alt=\"\" width=\"436\" height=\"294\" \/><figcaption id=\"caption-attachment-60\" class=\"wp-caption-text\">Le Tennis-Club de Reims en 1923 (Archives du \u00abComit\u00e9 Am\u00e9ricain pour les R\u00e9gions D\u00e9vast\u00e9es CARD\u00bb, Mus\u00e9e Franco-Am\u00e9ricain du Ch\u00e2teau de Bl\u00e9rancourt.<\/figcaption><\/figure>\n<p>Quatre ann\u00e9es de travaux furent n\u00e9cessaires pour r\u00e9aliser les courts de tennis et la piscine. Ils furent financ\u00e9s par le Comit\u00e9 Am\u00e9ricain pour les R\u00e9gions D\u00e9vast\u00e9es (CARD), qui donna 250 000 \u00e9cus or, par les membres bienfaiteurs et le Comit\u00e9 fondateur. En 1922, les 8 courts en terre battue sont termin\u00e9s et en septembre 1923 deux courts couverts avec charpente et sol en bois sont inaugur\u00e9s par le ministre Andr\u00e9 Tardieu, le Marquis Melchior de Polignac, Madame Anne b&gt;Murray Dike, Madame Anne Morgan, Monsieur Roche (Maire de Reims), Monsieur Mennecier, (sous-pr\u00e9fet), Monsieur Poittevin, (d\u00e9put\u00e9), Monsieur Wallet, (Pr\u00e9sident de la F\u00e9d\u00e9ration Fran\u00e7aise de Lawn Tennis), Monsieur Pierre Grillou, (Pr\u00e9sident du Racing-Club de France), et Monsieur Andr\u00e9 Gobert, (d\u00e9l\u00e9gu\u00e9 du Comit\u00e9 olympique).<\/p>\n<figure id=\"attachment_61\" aria-describedby=\"caption-attachment-61\" style=\"width: 436px\" class=\"wp-caption alignright\"><img loading=\"lazy\" decoding=\"async\" class=\"wp-image-61 size-full ml-lightbox-enabled\" src=\"https:\/\/tcreims.com\/wp-content\/uploads\/2017\/05\/50b13e_c706cb01aaf440e69fa298cc698be475.png\" alt=\"\" width=\"436\" height=\"449\" \/><figcaption id=\"caption-attachment-61\" class=\"wp-caption-text\">Les deux M\u00e9c\u00e8nes du Tennis-Club de Reims, de gauche \u00e0 droite<br \/> Ann Morgan (1873-1952 et Ann Murray Dike (1875-1929) &gt; Archives du \u00abComit\u00e9 Am\u00e9ricain pour les R\u00e9gions D\u00e9vast\u00e9es CARD\u00bb, Mus\u00e9e Franco-Am\u00e9ricain du Ch\u00e2teau de Bl\u00e9rancourt.<\/figcaption><\/figure>\n<p>Les m\u00e9c\u00e8nes et fondatrices du TCR, pr\u00e9sidentes d\u2019honneur\u00a0: Ann Morgan et Ann Murray Dike\u00a0:<\/p>\n<p>Ann Morgan (1873-1952 &gt; illustrations ci-contre)\u00a0:<br \/>\nC\u2019est la fille du richissime banquier John Pierpont Morgan. A sa mort, en 1913, elle h\u00e9rite de la moiti\u00e9 des avoirs de la banque Morgan. Tr\u00e8s francophile, elle organise d\u00e8s le d\u00e9but de la premi\u00e8re guerre mondiale des associations pour venir en aide aux bless\u00e9s et populations d\u00e9plac\u00e9es, et fonde le Comit\u00e9 Am\u00e9ricain pour les R\u00e9gions D\u00e9vast\u00e9es (CARD). En 1918, cet organisme participe \u00e0 la reconstruction de l\u2019Aisne et \u00e0 la fondation du TCR en 1920.<\/p>\n<p>Ann Murray Dike (1875-1929) :<br \/>\nCitoyenne am\u00e9ricaine et veuve sans enfants, elle fonde avec Anne Morgan en 1917, le CARD dont elle assure la pr\u00e9sidence. Apr\u00e8s la guerre, le Comit\u00e9 d\u00e9cide de poursuivre son action \u00e0 Soissons et sa r\u00e9gion. Les activit\u00e9s culturelles prennent leur essor\u00a0: des foyers de r\u00e9unions s\u2019ouvrent, des f\u00eates populaires sont organis\u00e9es. Des terrains de sport (dont le TCR) sont construits.<\/p>\n<h2>2\u00b0 &#8211; Le TCReims pendant la Seconde Guerre Mondiale :<\/h2>\n<figure id=\"attachment_62\" aria-describedby=\"caption-attachment-62\" style=\"width: 436px\" class=\"wp-caption alignleft\"><img loading=\"lazy\" decoding=\"async\" class=\"wp-image-62 size-full ml-lightbox-enabled\" src=\"https:\/\/tcreims.com\/wp-content\/uploads\/2017\/05\/50b13e_cca49db1c9d74bca97b085d06bb899ef.png\" alt=\"\" width=\"436\" height=\"327\" \/><figcaption id=\"caption-attachment-62\" class=\"wp-caption-text\">Les courts Andr\u00e9 Schneiter, n\u00b0 8 et 9<\/figcaption><\/figure>\n<figure id=\"attachment_64\" aria-describedby=\"caption-attachment-64\" style=\"width: 438px\" class=\"wp-caption alignleft\"><img loading=\"lazy\" decoding=\"async\" class=\"wp-image-64 ml-lightbox-enabled\" src=\"https:\/\/tcreims.com\/wp-content\/uploads\/2017\/05\/50b13e_95c94a64100a418aa35e5990e18eff9c.png\" alt=\"\" width=\"438\" height=\"263\" \/><figcaption id=\"caption-attachment-64\" class=\"wp-caption-text\">Plaque comm\u00e9morative \u00e9rig\u00e9e en 1947<\/figcaption><\/figure>\n<p>Pendant la guerre et les ann\u00e9es qui suivirent, il n\u2019\u00e9tait possible de jouer que sur les courts d\u00e9couverts, les courts couverts \u00e9tant inutilisables. Entre le 15 octobre 1947 et le 31 d\u00e9cembre 1955, les membres purent jouer l\u2019hiver sur deux terrains en terre battue \u00e9difi\u00e9s dans le Hall des Expositions en collaboration avec le stade de Reims et le Racing club de la Muire.<br \/>\nUn grand nombre de membres furent tu\u00e9s pendant la seconde guerre mondiale\u00a0:<br \/>\n&#8211; Jacques D\u00e9tr\u00e9\u00a0: r\u00e9sistant, tortur\u00e9 \u00e0 mort par la Gestapo \u00e0 Reims dans la nuit du 29 au 30 d\u00e9cembre 1943;<br \/>\n&#8211; Andr\u00e9 Schneiter, membre \u00e9minent de l\u2019Equipe I, arr\u00eat\u00e9 par la Gestapo en juillet 1944 et ex\u00e9cut\u00e9 \u00e0 Tournes (Ardennes) le 29 ao\u00fbt 1944.<br \/>\nApr\u00e8s la guerre, les installations ont \u00e9t\u00e9 reconstruites. Le club-house, tr\u00e8s d\u00e9t\u00e9rior\u00e9, fut remis en \u00e9tat et sa restauration f\u00eat\u00e9e le 1er mars 1947.<\/p>\n<h2>3\u00b0 &#8211; De l\u2019apr\u00e8s-guerre \u00e0 nos jours :<\/h2>\n<p><img loading=\"lazy\" decoding=\"async\" class=\"alignleft wp-image-63 size-full ml-lightbox-enabled\" src=\"https:\/\/tcreims.com\/wp-content\/uploads\/2017\/05\/50b13e_8c6da7fcc1384b7d824d635767d95fba.png\" alt=\"\" width=\"436\" height=\"279\" \/>&#8211; 1947\u00a0: un achat de terrain permet l\u2019agrandissement et la modernisation des vestiaires;<br \/>\n&#8211; 1956, r\u00e9alisation d\u2019une tribune ferm\u00e9e et r\u00e9ouverture des deux courts couverts \u00abAndr\u00e9 Schneiter\u00a0\u00bb (aujourd\u2019hui courts n\u00b08 et 9) en b\u00e9ton et sol en terre battue. Ils succ\u00e8dent aux courts couverts en charpente et sol en bois.<br \/>\n&#8211; 1970\u00a0: r\u00e9alisation d\u2019un court d\u00e9couvert en \u00abmateflex\u00bb pour j<img loading=\"lazy\" decoding=\"async\" class=\"alignright wp-image-65 size-medium ml-lightbox-enabled\" src=\"https:\/\/tcreims.com\/wp-content\/uploads\/2017\/05\/50b13e_907105adacb44ad5b8129aac128bba61-300x258.png\" alt=\"\" width=\"300\" height=\"258\" srcset=\"https:\/\/tcreims.com\/wp-content\/uploads\/2017\/05\/50b13e_907105adacb44ad5b8129aac128bba61-300x258.png 300w, https:\/\/tcreims.com\/wp-content\/uploads\/2017\/05\/50b13e_907105adacb44ad5b8129aac128bba61.png 436w\" sizes=\"auto, (max-width: 300px) 100vw, 300px\" \/>ouer en plein air en toute saison;<br \/>\n&#8211; 1979\u00a0: le court en \u00abmateflex\u00bb est couvert et transform\u00e9 en terre battue (actuel court n\u00b0 7); le bar-restaurant est enti\u00e8rement r\u00e9nov\u00e9.<br \/>\n&#8211;\u00a0septembre 2006\u00a0: couverture des courts n\u00b0 5 et 6.<\/p>\n<p><em>Ism\u00e9rie BOISSEL<\/em><\/p>\n","protected":false},"excerpt":{"rendered":"<p>Dossier r\u00e9alis\u00e9 par Ism\u00e9rie BOISSEL pour le 90e anniversaire du Tennis-Club de Reims 1\u00b0 &#8211; Cr\u00e9ation et inauguration : \u00ab\u00a0La fondation du Tennis Club de Reims est due \u00e0 l\u2019initiative du<\/p>\n","protected":false},"author":7,"featured_media":0,"parent":0,"menu_order":0,"comment_status":"closed","ping_status":"closed","template":"","meta":{"footnotes":""},"class_list":["post-57","page","type-page","status-publish","hentry"],"jetpack_sharing_enabled":true,"jetpack_likes_enabled":true,"_links":{"self":[{"href":"https:\/\/tcreims.com\/index.php?rest_route=\/wp\/v2\/pages\/57","targetHints":{"allow":["GET"]}}],"collection":[{"href":"https:\/\/tcreims.com\/index.php?rest_route=\/wp\/v2\/pages"}],"about":[{"href":"https:\/\/tcreims.com\/index.php?rest_route=\/wp\/v2\/types\/page"}],"author":[{"embeddable":true,"href":"https:\/\/tcreims.com\/index.php?rest_route=\/wp\/v2\/users\/7"}],"replies":[{"embeddable":true,"href":"https:\/\/tcreims.com\/index.php?rest_route=%2Fwp%2Fv2%2Fcomments&post=57"}],"version-history":[{"count":0,"href":"https:\/\/tcreims.com\/index.php?rest_route=\/wp\/v2\/pages\/57\/revisions"}],"wp:attachment":[{"href":"https:\/\/tcreims.com\/index.php?rest_route=%2Fwp%2Fv2%2Fmedia&parent=57"}],"curies":[{"name":"wp","href":"https:\/\/api.w.org\/{rel}","templated":true}]}}